{"id":73,"date":"2019-07-24T20:29:19","date_gmt":"2019-07-24T20:29:19","guid":{"rendered":"http:\/\/sebastianus-balkhausen.de\/?page_id=73"},"modified":"2021-09-24T07:57:54","modified_gmt":"2021-09-24T07:57:54","slug":"herzlich-willkommen","status":"publish","type":"page","link":"https:\/\/sebastianus-balkhausen.de\/","title":{"rendered":"Herzlich Willkommen!"},"content":{"rendered":"\n<p class=\"has-drop-cap\">seit 1583 urkundlich belegt, ist unsere Bruderschaft ein Teil von Balkhausen und T\u00fcrnich mit ihren Einwohnern, mit ihrer Geschichte und ihren Geschichten. Aus dieser \u00fcber Jahrhunderte gewachsenen Tradition und dem Grundsatz<br><br><strong> \u201cF\u00fcr Glaube &#8211; Sitte &#8211; Heimat\u201d<\/strong><br><br>leben wir Gemeinsinn und Nachbarschaft vor. Dazu geh\u00f6ren neben dem aktiven Schie\u00dfsport, unseren j\u00e4hrlichen Festen und der Geselligkeit das soziale Engagement aller Sch\u00fctzenbr\u00fcder einschlie\u00dflich der Jungsch\u00fctzen.<br> <br>Vereine, so auch unsere Bruderschaft, leben von ihren Mitgliedern. Sprechen Sie uns an, machen Sie mit &#8211; Sie werden sehen, es lohnt sich!<\/p>\n\n\n\n<p>Als Mitglied im Bund der Historischen Deutschen Sch\u00fctzenbruderschaften (BHDS) distanzieren wir uns klar von rechtspopulistischen Parteien. Die christlichen Werte der Mitglieder in einer dem BHDS angeh\u00f6renden Bruderschaft sind mit der gleichzeitigen Mitgliedschaft in solchen Parteien unvereinbar. Dem christlichen Menschenbild der Bruderschaften stehen die Ziele dieser Parteien kontr\u00e4r entgegen. Das Heimatverst\u00e4ndnis der Sch\u00fctzen, das auf Offenheit und Integration in einem vereinten Europa setzt, ist nicht vereinbar mit nationalistischen Vorstellungen.<\/p>\n","protected":false},"excerpt":{"rendered":"<p>seit 1583 urkundlich belegt, ist unsere Bruderschaft ein Teil von Balkhausen und T\u00fcrnich mit ihren Einwohnern, mit ihrer Geschichte und ihren Geschichten. Aus dieser \u00fcber Jahrhunderte gewachsenen Tradition und dem Grundsatz \u201cF\u00fcr Glaube &#8211; Sitte &#8211; Heimat\u201d leben wir Gemeinsinn und Nachbarschaft vor. Dazu geh\u00f6ren neben dem aktiven Schie\u00dfsport, unseren j\u00e4hrlichen Festen und der Geselligkeit &hellip; <\/p>\n<p class=\"link-more\"><a href=\"https:\/\/sebastianus-balkhausen.de\/\" class=\"more-link\"><span class=\"screen-reader-text\">\u201eHerzlich Willkommen!\u201c<\/span> weiterlesen<\/a><\/p>\n","protected":false},"author":1,"featured_media":0,"parent":0,"menu_order":0,"comment_status":"closed","ping_status":"closed","template":"","meta":[],"_links":{"self":[{"href":"https:\/\/sebastianus-balkhausen.de\/index.php?rest_route=\/wp\/v2\/pages\/73"}],"collection":[{"href":"https:\/\/sebastianus-balkhausen.de\/index.php?rest_route=\/wp\/v2\/pages"}],"about":[{"href":"https:\/\/sebastianus-balkhausen.de\/index.php?rest_route=\/wp\/v2\/types\/page"}],"author":[{"embeddable":true,"href":"https:\/\/sebastianus-balkhausen.de\/index.php?rest_route=\/wp\/v2\/users\/1"}],"replies":[{"embeddable":true,"href":"https:\/\/sebastianus-balkhausen.de\/index.php?rest_route=%2Fwp%2Fv2%2Fcomments&post=73"}],"version-history":[{"count":3,"href":"https:\/\/sebastianus-balkhausen.de\/index.php?rest_route=\/wp\/v2\/pages\/73\/revisions"}],"predecessor-version":[{"id":274,"href":"https:\/\/sebastianus-balkhausen.de\/index.php?rest_route=\/wp\/v2\/pages\/73\/revisions\/274"}],"wp:attachment":[{"href":"https:\/\/sebastianus-balkhausen.de\/index.php?rest_route=%2Fwp%2Fv2%2Fmedia&parent=73"}],"curies":[{"name":"wp","href":"https:\/\/api.w.org\/{rel}","templated":true}]}}