{"id":139,"date":"2019-07-27T18:21:12","date_gmt":"2019-07-27T18:21:12","guid":{"rendered":"http:\/\/sebastianus-balkhausen.de\/?page_id=139"},"modified":"2023-04-25T20:24:57","modified_gmt":"2023-04-25T20:24:57","slug":"offizierscorps","status":"publish","type":"page","link":"https:\/\/sebastianus-balkhausen.de\/?page_id=139","title":{"rendered":"Offizierscorps"},"content":{"rendered":"<blockquote><p><span style=\"color: #333333; font-size: 1rem;\">Mit ihrem Hauptmann Ingo Haas, den beiden Adjutanten Andreas Schomers und Willi Kl\u00fctsch, bilden wir die 13 Mann starke Geleittruppe unserer Majest\u00e4ten und Sch\u00fctzenbr\u00fcder<\/span><\/p><\/blockquote>\n<p>Der K\u00f6nigsoffizier Achim Vogl ist der Ansprechpartner und die helfende Hand f\u00fcr die Majest\u00e4ten und steht ihnen mit Rat und Tat zur Seite.<\/p>\n<p>Dem ersten Offizier Marcel Birkmeier, dem Spie\u00df Markus Wehnert folgen die weiteren S\u00e4beloffiziere Dirk Beyer, Leo Fischer und Dennis Schommers. Als passiver Offizier gilt unser Ehrenoffizier Willy Beyer, der weiterhin Bestandteil des Offizierscorps bleibt.<\/p>\n<p>Das Privileg des Tragens der Vereinsfahne und Standarte geb\u00fchrt den Fahnenoffizieren Thomas Schulz, Maximilian Klobe und Jan-Niklas Pesch unter dem verantwortlichen Fahnenleutnant Tobias Schommers.<\/p>\n<p>Ingo Haas<br \/>\nHauptmann<\/p>\n","protected":false},"excerpt":{"rendered":"<p>Mit ihrem Hauptmann Ingo Haas, den beiden Adjutanten Andreas Schomers und Willi Kl\u00fctsch, bilden wir die 13 Mann starke Geleittruppe unserer Majest\u00e4ten und Sch\u00fctzenbr\u00fcder Der K\u00f6nigsoffizier Achim Vogl ist der Ansprechpartner und die helfende Hand f\u00fcr die Majest\u00e4ten und steht ihnen mit Rat und Tat zur Seite. Dem ersten Offizier Marcel Birkmeier, dem Spie\u00df Markus &hellip; <\/p>\n<p class=\"link-more\"><a href=\"https:\/\/sebastianus-balkhausen.de\/?page_id=139\" class=\"more-link\"><span class=\"screen-reader-text\">\u201eOffizierscorps\u201c<\/span> weiterlesen<\/a><\/p>\n","protected":false},"author":1,"featured_media":0,"parent":0,"menu_order":0,"comment_status":"closed","ping_status":"closed","template":"","meta":[],"_links":{"self":[{"href":"https:\/\/sebastianus-balkhausen.de\/index.php?rest_route=\/wp\/v2\/pages\/139"}],"collection":[{"href":"https:\/\/sebastianus-balkhausen.de\/index.php?rest_route=\/wp\/v2\/pages"}],"about":[{"href":"https:\/\/sebastianus-balkhausen.de\/index.php?rest_route=\/wp\/v2\/types\/page"}],"author":[{"embeddable":true,"href":"https:\/\/sebastianus-balkhausen.de\/index.php?rest_route=\/wp\/v2\/users\/1"}],"replies":[{"embeddable":true,"href":"https:\/\/sebastianus-balkhausen.de\/index.php?rest_route=%2Fwp%2Fv2%2Fcomments&post=139"}],"version-history":[{"count":5,"href":"https:\/\/sebastianus-balkhausen.de\/index.php?rest_route=\/wp\/v2\/pages\/139\/revisions"}],"predecessor-version":[{"id":385,"href":"https:\/\/sebastianus-balkhausen.de\/index.php?rest_route=\/wp\/v2\/pages\/139\/revisions\/385"}],"wp:attachment":[{"href":"https:\/\/sebastianus-balkhausen.de\/index.php?rest_route=%2Fwp%2Fv2%2Fmedia&parent=139"}],"curies":[{"name":"wp","href":"https:\/\/api.w.org\/{rel}","templated":true}]}}